{"id":2319,"date":"2023-08-09T01:59:41","date_gmt":"2023-08-08T23:59:41","guid":{"rendered":"https:\/\/sma-hundisburg.de\/?post_type=ajde_events&#038;p=2319"},"modified":"2023-08-14T14:10:57","modified_gmt":"2023-08-14T12:10:57","slug":"das-neue-team-der-sma","status":"publish","type":"ajde_events","link":"https:\/\/sma-hundisburg.de\/en\/events\/das-neue-team-der-sma\/","title":{"rendered":"The new SMA team"},"content":{"rendered":"<p>Welcome to Hundisburg, here's to a new one! In addition to the new artistic director Friedrich Praetorius, a new team behind the scenes also started its first SommerMusikAkademie on Monday: Felix Steinbock takes over the orchestra management, Emilia Ebert takes care of the press and social media and Johann Jakob Winter keeps the strings together as academy director. And, of course, Friedrich's little son Joni is always in the thick of things...<\/p>","protected":false},"author":7,"featured_media":2343,"menu_order":0,"comment_status":"closed","ping_status":"closed","template":"","meta":{"_acf_changed":false,"ct_builder_shortcodes":"","ct_template_type":"","ct_parent_template":0},"tags":[],"event_type":[],"event_type_2":[],"event_type_3":[393],"class_list":["post-2319","ajde_events","type-ajde_events","status-publish","has-post-thumbnail","hentry","event_type_3-impression-2023"],"acf":[],"yoast_head":"<!-- This site is optimized with the Yoast SEO plugin v24.5 - https:\/\/yoast.com\/wordpress\/plugins\/seo\/ -->\n<title>Das neue Team der SMA - SommerMusikAkademie Schloss Hundisburg<\/title>\n<meta name=\"robots\" content=\"index, follow, max-snippet:-1, max-image-preview:large, max-video-preview:-1\" \/>\n<link rel=\"canonical\" href=\"https:\/\/sma-hundisburg.de\/en\/events\/das-neue-team-der-sma\/\" \/>\n<meta property=\"og:locale\" content=\"en_GB\" \/>\n<meta property=\"og:type\" content=\"article\" \/>\n<meta property=\"og:title\" content=\"Das neue Team der SMA - SommerMusikAkademie Schloss Hundisburg\" \/>\n<meta property=\"og:description\" content=\"Willkommen in Hundisburg, auf ein Neues! Neben dem neuen k\u00fcnstlerischen Leiter Friedrich Praetorius startete am Montag auch ein neues Team hinter den Kulissen in seine erste SommerMusikAkademie: Felix Steinbock \u00fcbernimmt das Orchestermanagement, Emilia Ebert die Betreuung von Presse und Social Media und Johann Jakob Winter h\u00e4lt als Akademieleiter die F\u00e4den zusammen. Und immer mitten drin [&hellip;]\" \/>\n<meta property=\"og:url\" content=\"https:\/\/sma-hundisburg.de\/en\/events\/das-neue-team-der-sma\/\" \/>\n<meta property=\"og:site_name\" content=\"SommerMusikAkademie Schloss Hundisburg\" \/>\n<meta property=\"article:publisher\" content=\"https:\/\/www.facebook.com\/SommerMusikAkademie\/?locale=de_DE\" \/>\n<meta property=\"article:modified_time\" content=\"2023-08-14T12:10:57+00:00\" \/>\n<meta property=\"og:image\" content=\"https:\/\/sma-hundisburg.de\/wp-content\/uploads\/2023\/08\/DSC07956-min-scaled.jpeg\" \/>\n\t<meta property=\"og:image:width\" content=\"2560\" \/>\n\t<meta property=\"og:image:height\" content=\"1707\" \/>\n\t<meta property=\"og:image:type\" content=\"image\/jpeg\" \/>\n<meta name=\"twitter:card\" content=\"summary_large_image\" \/>\n<meta name=\"twitter:label1\" content=\"Estimated reading time\" \/>\n\t<meta name=\"twitter:data1\" content=\"1 minute\" \/>\n<script type=\"application\/ld+json\" class=\"yoast-schema-graph\">{\"@context\":\"https:\/\/schema.org\",\"@graph\":[{\"@type\":\"WebPage\",\"@id\":\"https:\/\/sma-hundisburg.de\/events\/das-neue-team-der-sma\/\",\"url\":\"https:\/\/sma-hundisburg.de\/events\/das-neue-team-der-sma\/\",\"name\":\"Das neue Team der SMA - SommerMusikAkademie Schloss Hundisburg\",\"isPartOf\":{\"@id\":\"https:\/\/sma-hundisburg.de\/#website\"},\"primaryImageOfPage\":{\"@id\":\"https:\/\/sma-hundisburg.de\/events\/das-neue-team-der-sma\/#primaryimage\"},\"image\":{\"@id\":\"https:\/\/sma-hundisburg.de\/events\/das-neue-team-der-sma\/#primaryimage\"},\"thumbnailUrl\":\"https:\/\/sma-hundisburg.de\/wp-content\/uploads\/2023\/08\/DSC07956-min-scaled.jpeg\",\"datePublished\":\"2023-08-08T23:59:41+00:00\",\"dateModified\":\"2023-08-14T12:10:57+00:00\",\"breadcrumb\":{\"@id\":\"https:\/\/sma-hundisburg.de\/events\/das-neue-team-der-sma\/#breadcrumb\"},\"inLanguage\":\"en-GB\",\"potentialAction\":[{\"@type\":\"ReadAction\",\"target\":[\"https:\/\/sma-hundisburg.de\/events\/das-neue-team-der-sma\/\"]}]},{\"@type\":\"ImageObject\",\"inLanguage\":\"en-GB\",\"@id\":\"https:\/\/sma-hundisburg.de\/events\/das-neue-team-der-sma\/#primaryimage\",\"url\":\"https:\/\/sma-hundisburg.de\/wp-content\/uploads\/2023\/08\/DSC07956-min-scaled.jpeg\",\"contentUrl\":\"https:\/\/sma-hundisburg.de\/wp-content\/uploads\/2023\/08\/DSC07956-min-scaled.jpeg\",\"width\":2560,\"height\":1707},{\"@type\":\"BreadcrumbList\",\"@id\":\"https:\/\/sma-hundisburg.de\/events\/das-neue-team-der-sma\/#breadcrumb\",\"itemListElement\":[{\"@type\":\"ListItem\",\"position\":1,\"name\":\"Startseite\",\"item\":\"https:\/\/sma-hundisburg.de\/\"},{\"@type\":\"ListItem\",\"position\":2,\"name\":\"Events\",\"item\":\"https:\/\/sma-hundisburg.de\/events\/\"},{\"@type\":\"ListItem\",\"position\":3,\"name\":\"Das neue Team der SMA\"}]},{\"@type\":\"WebSite\",\"@id\":\"https:\/\/sma-hundisburg.de\/#website\",\"url\":\"https:\/\/sma-hundisburg.de\/\",\"name\":\"SommerMusikAkademie Schloss Hundisburg\",\"description\":\"Die Homepage der SommerMusikAkademie Schloss Hundisburg\",\"publisher\":{\"@id\":\"https:\/\/sma-hundisburg.de\/#organization\"},\"potentialAction\":[{\"@type\":\"SearchAction\",\"target\":{\"@type\":\"EntryPoint\",\"urlTemplate\":\"https:\/\/sma-hundisburg.de\/?s={search_term_string}\"},\"query-input\":{\"@type\":\"PropertyValueSpecification\",\"valueRequired\":true,\"valueName\":\"search_term_string\"}}],\"inLanguage\":\"en-GB\"},{\"@type\":\"Organization\",\"@id\":\"https:\/\/sma-hundisburg.de\/#organization\",\"name\":\"SommerMusikAkademie Schloss Hundisburg\",\"url\":\"https:\/\/sma-hundisburg.de\/\",\"logo\":{\"@type\":\"ImageObject\",\"inLanguage\":\"en-GB\",\"@id\":\"https:\/\/sma-hundisburg.de\/#\/schema\/logo\/image\/\",\"url\":\"https:\/\/sma-hundisburg.de\/wp-content\/uploads\/2022\/11\/logo.png\",\"contentUrl\":\"https:\/\/sma-hundisburg.de\/wp-content\/uploads\/2022\/11\/logo.png\",\"width\":103,\"height\":50,\"caption\":\"SommerMusikAkademie Schloss Hundisburg\"},\"image\":{\"@id\":\"https:\/\/sma-hundisburg.de\/#\/schema\/logo\/image\/\"},\"sameAs\":[\"https:\/\/www.facebook.com\/SommerMusikAkademie\/?locale=de_DE\",\"https:\/\/www.instagram.com\/sma_hundisburg\/?hl=de\",\"https:\/\/www.youtube.com\/channel\/UCjJ08ubrJuk1ncqvlX3iTdw\"]}]}<\/script>\n<!-- \/ Yoast SEO plugin. -->","yoast_head_json":{"title":"Das neue Team der SMA - SommerMusikAkademie Schloss Hundisburg","robots":{"index":"index","follow":"follow","max-snippet":"max-snippet:-1","max-image-preview":"max-image-preview:large","max-video-preview":"max-video-preview:-1"},"canonical":"https:\/\/sma-hundisburg.de\/en\/events\/das-neue-team-der-sma\/","og_locale":"en_GB","og_type":"article","og_title":"Das neue Team der SMA - SommerMusikAkademie Schloss Hundisburg","og_description":"Willkommen in Hundisburg, auf ein Neues! Neben dem neuen k\u00fcnstlerischen Leiter Friedrich Praetorius startete am Montag auch ein neues Team hinter den Kulissen in seine erste SommerMusikAkademie: Felix Steinbock \u00fcbernimmt das Orchestermanagement, Emilia Ebert die Betreuung von Presse und Social Media und Johann Jakob Winter h\u00e4lt als Akademieleiter die F\u00e4den zusammen. Und immer mitten drin [&hellip;]","og_url":"https:\/\/sma-hundisburg.de\/en\/events\/das-neue-team-der-sma\/","og_site_name":"SommerMusikAkademie Schloss Hundisburg","article_publisher":"https:\/\/www.facebook.com\/SommerMusikAkademie\/?locale=de_DE","article_modified_time":"2023-08-14T12:10:57+00:00","og_image":[{"width":2560,"height":1707,"url":"https:\/\/sma-hundisburg.de\/wp-content\/uploads\/2023\/08\/DSC07956-min-scaled.jpeg","type":"image\/jpeg"}],"twitter_card":"summary_large_image","twitter_misc":{"Estimated reading time":"1 minute"},"schema":{"@context":"https:\/\/schema.org","@graph":[{"@type":"WebPage","@id":"https:\/\/sma-hundisburg.de\/events\/das-neue-team-der-sma\/","url":"https:\/\/sma-hundisburg.de\/events\/das-neue-team-der-sma\/","name":"Das neue Team der SMA - SommerMusikAkademie Schloss Hundisburg","isPartOf":{"@id":"https:\/\/sma-hundisburg.de\/#website"},"primaryImageOfPage":{"@id":"https:\/\/sma-hundisburg.de\/events\/das-neue-team-der-sma\/#primaryimage"},"image":{"@id":"https:\/\/sma-hundisburg.de\/events\/das-neue-team-der-sma\/#primaryimage"},"thumbnailUrl":"https:\/\/sma-hundisburg.de\/wp-content\/uploads\/2023\/08\/DSC07956-min-scaled.jpeg","datePublished":"2023-08-08T23:59:41+00:00","dateModified":"2023-08-14T12:10:57+00:00","breadcrumb":{"@id":"https:\/\/sma-hundisburg.de\/events\/das-neue-team-der-sma\/#breadcrumb"},"inLanguage":"en-GB","potentialAction":[{"@type":"ReadAction","target":["https:\/\/sma-hundisburg.de\/events\/das-neue-team-der-sma\/"]}]},{"@type":"ImageObject","inLanguage":"en-GB","@id":"https:\/\/sma-hundisburg.de\/events\/das-neue-team-der-sma\/#primaryimage","url":"https:\/\/sma-hundisburg.de\/wp-content\/uploads\/2023\/08\/DSC07956-min-scaled.jpeg","contentUrl":"https:\/\/sma-hundisburg.de\/wp-content\/uploads\/2023\/08\/DSC07956-min-scaled.jpeg","width":2560,"height":1707},{"@type":"BreadcrumbList","@id":"https:\/\/sma-hundisburg.de\/events\/das-neue-team-der-sma\/#breadcrumb","itemListElement":[{"@type":"ListItem","position":1,"name":"Startseite","item":"https:\/\/sma-hundisburg.de\/"},{"@type":"ListItem","position":2,"name":"Events","item":"https:\/\/sma-hundisburg.de\/events\/"},{"@type":"ListItem","position":3,"name":"Das neue Team der SMA"}]},{"@type":"WebSite","@id":"https:\/\/sma-hundisburg.de\/#website","url":"https:\/\/sma-hundisburg.de\/","name":"SommerMusikAkademie Schloss Hundisburg","description":"Die Homepage der SommerMusikAkademie Schloss Hundisburg","publisher":{"@id":"https:\/\/sma-hundisburg.de\/#organization"},"potentialAction":[{"@type":"SearchAction","target":{"@type":"EntryPoint","urlTemplate":"https:\/\/sma-hundisburg.de\/?s={search_term_string}"},"query-input":{"@type":"PropertyValueSpecification","valueRequired":true,"valueName":"search_term_string"}}],"inLanguage":"en-GB"},{"@type":"Organization","@id":"https:\/\/sma-hundisburg.de\/#organization","name":"SommerMusikAkademie Schloss Hundisburg","url":"https:\/\/sma-hundisburg.de\/","logo":{"@type":"ImageObject","inLanguage":"en-GB","@id":"https:\/\/sma-hundisburg.de\/#\/schema\/logo\/image\/","url":"https:\/\/sma-hundisburg.de\/wp-content\/uploads\/2022\/11\/logo.png","contentUrl":"https:\/\/sma-hundisburg.de\/wp-content\/uploads\/2022\/11\/logo.png","width":103,"height":50,"caption":"SommerMusikAkademie Schloss Hundisburg"},"image":{"@id":"https:\/\/sma-hundisburg.de\/#\/schema\/logo\/image\/"},"sameAs":["https:\/\/www.facebook.com\/SommerMusikAkademie\/?locale=de_DE","https:\/\/www.instagram.com\/sma_hundisburg\/?hl=de","https:\/\/www.youtube.com\/channel\/UCjJ08ubrJuk1ncqvlX3iTdw"]}]}},"_links":{"self":[{"href":"https:\/\/sma-hundisburg.de\/en\/wp-json\/wp\/v2\/ajde_events\/2319","targetHints":{"allow":["GET"]}}],"collection":[{"href":"https:\/\/sma-hundisburg.de\/en\/wp-json\/wp\/v2\/ajde_events"}],"about":[{"href":"https:\/\/sma-hundisburg.de\/en\/wp-json\/wp\/v2\/types\/ajde_events"}],"author":[{"embeddable":true,"href":"https:\/\/sma-hundisburg.de\/en\/wp-json\/wp\/v2\/users\/7"}],"replies":[{"embeddable":true,"href":"https:\/\/sma-hundisburg.de\/en\/wp-json\/wp\/v2\/comments?post=2319"}],"wp:featuredmedia":[{"embeddable":true,"href":"https:\/\/sma-hundisburg.de\/en\/wp-json\/wp\/v2\/media\/2343"}],"wp:attachment":[{"href":"https:\/\/sma-hundisburg.de\/en\/wp-json\/wp\/v2\/media?parent=2319"}],"wp:term":[{"taxonomy":"post_tag","embeddable":true,"href":"https:\/\/sma-hundisburg.de\/en\/wp-json\/wp\/v2\/tags?post=2319"},{"taxonomy":"event_type","embeddable":true,"href":"https:\/\/sma-hundisburg.de\/en\/wp-json\/wp\/v2\/event_type?post=2319"},{"taxonomy":"event_type_2","embeddable":true,"href":"https:\/\/sma-hundisburg.de\/en\/wp-json\/wp\/v2\/event_type_2?post=2319"},{"taxonomy":"event_type_3","embeddable":true,"href":"https:\/\/sma-hundisburg.de\/en\/wp-json\/wp\/v2\/event_type_3?post=2319"}],"curies":[{"name":"wp","href":"https:\/\/api.w.org\/{rel}","templated":true}]}}

<!-- This site is optimized with the Yoast SEO plugin v24.5 - https://yoast.com/wordpress/plugins/seo/ -->
<title>Das neue Team der SMA - SommerMusikAkademie Schloss Hundisburg</title>
<meta name="robots" content="index, follow, max-snippet:-1, max-image-preview:large, max-video-preview:-1" />
<link rel="canonical" href="https://sma-hundisburg.de/en/events/das-neue-team-der-sma/" />
<meta property="og:locale" content="en_GB" />
<meta property="og:type" content="article" />
<meta property="og:title" content="Das neue Team der SMA - SommerMusikAkademie Schloss Hundisburg" />
<meta property="og:description" content="Willkommen in Hundisburg, auf ein Neues! Neben dem neuen künstlerischen Leiter Friedrich Praetorius startete am Montag auch ein neues Team hinter den Kulissen in seine erste SommerMusikAkademie: Felix Steinbock übernimmt das Orchestermanagement, Emilia Ebert die Betreuung von Presse und Social Media und Johann Jakob Winter hält als Akademieleiter die Fäden zusammen. Und immer mitten drin [&hellip;]" />
<meta property="og:url" content="https://sma-hundisburg.de/en/events/das-neue-team-der-sma/" />
<meta property="og:site_name" content="SommerMusikAkademie Schloss Hundisburg" />
<meta property="article:publisher" content="https://www.facebook.com/SommerMusikAkademie/?locale=de_DE" />
<meta property="article:modified_time" content="2023-08-14T12:10:57+00:00" />
<meta property="og:image" content="https://sma-hundisburg.de/wp-content/uploads/2023/08/DSC07956-min-scaled.jpeg" />
	<meta property="og:image:width" content="2560" />
	<meta property="og:image:height" content="1707" />
	<meta property="og:image:type" content="image/jpeg" />
<meta name="twitter:card" content="summary_large_image" />
<meta name="twitter:label1" content="Estimated reading time" />
	<meta name="twitter:data1" content="1 minute" />
<script type="application/ld+json" class="yoast-schema-graph">{"@context":"https://schema.org","@graph":[{"@type":"WebPage","@id":"https://sma-hundisburg.de/events/das-neue-team-der-sma/","url":"https://sma-hundisburg.de/events/das-neue-team-der-sma/","name":"Das neue Team der SMA - SommerMusikAkademie Schloss Hundisburg","isPartOf":{"@id":"https://sma-hundisburg.de/#website"},"primaryImageOfPage":{"@id":"https://sma-hundisburg.de/events/das-neue-team-der-sma/#primaryimage"},"image":{"@id":"https://sma-hundisburg.de/events/das-neue-team-der-sma/#primaryimage"},"thumbnailUrl":"https://sma-hundisburg.de/wp-content/uploads/2023/08/DSC07956-min-scaled.jpeg","datePublished":"2023-08-08T23:59:41+00:00","dateModified":"2023-08-14T12:10:57+00:00","breadcrumb":{"@id":"https://sma-hundisburg.de/events/das-neue-team-der-sma/#breadcrumb"},"inLanguage":"en-GB","potentialAction":[{"@type":"ReadAction","target":["https://sma-hundisburg.de/events/das-neue-team-der-sma/"]}]},{"@type":"ImageObject","inLanguage":"en-GB","@id":"https://sma-hundisburg.de/events/das-neue-team-der-sma/#primaryimage","url":"https://sma-hundisburg.de/wp-content/uploads/2023/08/DSC07956-min-scaled.jpeg","contentUrl":"https://sma-hundisburg.de/wp-content/uploads/2023/08/DSC07956-min-scaled.jpeg","width":2560,"height":1707},{"@type":"BreadcrumbList","@id":"https://sma-hundisburg.de/events/das-neue-team-der-sma/#breadcrumb","itemListElement":[{"@type":"ListItem","position":1,"name":"Startseite","item":"https://sma-hundisburg.de/"},{"@type":"ListItem","position":2,"name":"Events","item":"https://sma-hundisburg.de/events/"},{"@type":"ListItem","position":3,"name":"Das neue Team der SMA"}]},{"@type":"WebSite","@id":"https://sma-hundisburg.de/#website","url":"https://sma-hundisburg.de/","name":"SommerMusikAkademie Schloss Hundisburg","description":"Die Homepage der SommerMusikAkademie Schloss Hundisburg","publisher":{"@id":"https://sma-hundisburg.de/#organization"},"potentialAction":[{"@type":"SearchAction","target":{"@type":"EntryPoint","urlTemplate":"https://sma-hundisburg.de/?s={search_term_string}"},"query-input":{"@type":"PropertyValueSpecification","valueRequired":true,"valueName":"search_term_string"}}],"inLanguage":"en-GB"},{"@type":"Organization","@id":"https://sma-hundisburg.de/#organization","name":"SommerMusikAkademie Schloss Hundisburg","url":"https://sma-hundisburg.de/","logo":{"@type":"ImageObject","inLanguage":"en-GB","@id":"https://sma-hundisburg.de/#/schema/logo/image/","url":"https://sma-hundisburg.de/wp-content/uploads/2022/11/logo.png","contentUrl":"https://sma-hundisburg.de/wp-content/uploads/2022/11/logo.png","width":103,"height":50,"caption":"SommerMusikAkademie Schloss Hundisburg"},"image":{"@id":"https://sma-hundisburg.de/#/schema/logo/image/"},"sameAs":["https://www.facebook.com/SommerMusikAkademie/?locale=de_DE","https://www.instagram.com/sma_hundisburg/?hl=de","https://www.youtube.com/channel/UCjJ08ubrJuk1ncqvlX3iTdw"]}]}</script>
<!-- / Yoast SEO plugin. -->

Willkommen in Hundisburg, auf ein Neues! Neben dem neuen künstlerischen Leiter Friedrich Praetorius startete am Montag auch ein neues Team hinter den Kulissen in seine erste SommerMusikAkademie: Felix Steinbock übernimmt das Orchestermanagement, Emilia Ebert die Betreuung von Presse und Social Media und Johann Jakob Winter hält als Akademieleiter die Fäden zusammen. Und immer mitten drin [&hellip;]
