{"id":2572,"date":"2024-08-13T20:16:38","date_gmt":"2024-08-13T18:16:38","guid":{"rendered":"https:\/\/sma-hundisburg.de\/?post_type=ajde_events&#038;p=2572"},"modified":"2024-08-13T20:16:39","modified_gmt":"2024-08-13T18:16:39","slug":"serenade-in-den-gaerten-7","status":"publish","type":"ajde_events","link":"https:\/\/sma-hundisburg.de\/en\/events\/serenade-in-den-gaerten-7\/","title":{"rendered":"Serenade in the Gardens"},"content":{"rendered":"<p>This year's serenade opened up access to a fantastic new SMA venue for the first time: Bodendorf Castle, with its naturally embedded terrace stage, extensive garden with excellent acoustics and, of course, its incomparable romantic charm, is a perfect location for chamber music as part of the SMA. In addition to Friedrich Praetorius, his wife and viola section leader Sarah and concertmaster Julius Maier, photographer Max B\u00f6rner and Academy director Johann Jakob Winter also took to the stage to perform works from a wide range of eras, from Bach and Mozart to Brahms and Nielssen. We would like to thank the von Kospoth family for their hospitality and for opening their home to us for this wonderfully successful event. <\/p>","protected":false},"author":7,"featured_media":2573,"menu_order":0,"comment_status":"closed","ping_status":"closed","template":"","meta":{"_acf_changed":false,"ct_builder_shortcodes":"","ct_template_type":"","ct_parent_template":0},"tags":[],"event_type":[],"event_type_2":[],"event_type_3":[394],"class_list":["post-2572","ajde_events","type-ajde_events","status-publish","has-post-thumbnail","hentry","event_type_3-impression-2024"],"acf":[],"yoast_head":"<!-- This site is optimized with the Yoast SEO plugin v24.5 - https:\/\/yoast.com\/wordpress\/plugins\/seo\/ -->\n<title>Serenade in den G\u00e4rten - SommerMusikAkademie Schloss Hundisburg<\/title>\n<meta name=\"robots\" content=\"index, follow, max-snippet:-1, max-image-preview:large, max-video-preview:-1\" \/>\n<link rel=\"canonical\" href=\"https:\/\/sma-hundisburg.de\/en\/events\/serenade-in-den-gaerten-7\/\" \/>\n<meta property=\"og:locale\" content=\"en_GB\" \/>\n<meta property=\"og:type\" content=\"article\" \/>\n<meta property=\"og:title\" content=\"Serenade in den G\u00e4rten - SommerMusikAkademie Schloss Hundisburg\" \/>\n<meta property=\"og:description\" content=\"Die diesj\u00e4hrige Serenade er\u00f6ffnete erstmalig den Zugang zu einem gro\u00dfartigen neuen Spielort der SMA: Schloss Bodendorf ist mit seiner nat\u00fcrlich eingebetteten Terrassenb\u00fchne, dem weitl\u00e4ufigen Garten mit hervorragender Akustik und nat\u00fcrlich auch seinem unvergleichlich romantischen Charme eine perfekte Location f\u00fcr Kammermusik im Rahmen der SMA. Programmatisch standen neben Friedrich Praetorius, seiner Frau und Bratschen-Stimmf\u00fchrerin Sarah und [&hellip;]\" \/>\n<meta property=\"og:url\" content=\"https:\/\/sma-hundisburg.de\/en\/events\/serenade-in-den-gaerten-7\/\" \/>\n<meta property=\"og:site_name\" content=\"SommerMusikAkademie Schloss Hundisburg\" \/>\n<meta property=\"article:publisher\" content=\"https:\/\/www.facebook.com\/SommerMusikAkademie\/?locale=de_DE\" \/>\n<meta property=\"article:modified_time\" content=\"2024-08-13T18:16:39+00:00\" \/>\n<meta property=\"og:image\" content=\"https:\/\/sma-hundisburg.de\/wp-content\/uploads\/2024\/08\/DSC01098-scaled.jpeg\" \/>\n\t<meta property=\"og:image:width\" content=\"2560\" \/>\n\t<meta property=\"og:image:height\" content=\"1922\" \/>\n\t<meta property=\"og:image:type\" content=\"image\/jpeg\" \/>\n<meta name=\"twitter:card\" content=\"summary_large_image\" \/>\n<meta name=\"twitter:label1\" content=\"Estimated reading time\" \/>\n\t<meta name=\"twitter:data1\" content=\"1 minute\" \/>\n<script type=\"application\/ld+json\" class=\"yoast-schema-graph\">{\"@context\":\"https:\/\/schema.org\",\"@graph\":[{\"@type\":\"WebPage\",\"@id\":\"https:\/\/sma-hundisburg.de\/events\/serenade-in-den-gaerten-7\/\",\"url\":\"https:\/\/sma-hundisburg.de\/events\/serenade-in-den-gaerten-7\/\",\"name\":\"Serenade in den G\u00e4rten - SommerMusikAkademie Schloss Hundisburg\",\"isPartOf\":{\"@id\":\"https:\/\/sma-hundisburg.de\/#website\"},\"primaryImageOfPage\":{\"@id\":\"https:\/\/sma-hundisburg.de\/events\/serenade-in-den-gaerten-7\/#primaryimage\"},\"image\":{\"@id\":\"https:\/\/sma-hundisburg.de\/events\/serenade-in-den-gaerten-7\/#primaryimage\"},\"thumbnailUrl\":\"https:\/\/sma-hundisburg.de\/wp-content\/uploads\/2024\/08\/DSC01098-scaled.jpeg\",\"datePublished\":\"2024-08-13T18:16:38+00:00\",\"dateModified\":\"2024-08-13T18:16:39+00:00\",\"breadcrumb\":{\"@id\":\"https:\/\/sma-hundisburg.de\/events\/serenade-in-den-gaerten-7\/#breadcrumb\"},\"inLanguage\":\"en-GB\",\"potentialAction\":[{\"@type\":\"ReadAction\",\"target\":[\"https:\/\/sma-hundisburg.de\/events\/serenade-in-den-gaerten-7\/\"]}]},{\"@type\":\"ImageObject\",\"inLanguage\":\"en-GB\",\"@id\":\"https:\/\/sma-hundisburg.de\/events\/serenade-in-den-gaerten-7\/#primaryimage\",\"url\":\"https:\/\/sma-hundisburg.de\/wp-content\/uploads\/2024\/08\/DSC01098-scaled.jpeg\",\"contentUrl\":\"https:\/\/sma-hundisburg.de\/wp-content\/uploads\/2024\/08\/DSC01098-scaled.jpeg\",\"width\":2560,\"height\":1922},{\"@type\":\"BreadcrumbList\",\"@id\":\"https:\/\/sma-hundisburg.de\/events\/serenade-in-den-gaerten-7\/#breadcrumb\",\"itemListElement\":[{\"@type\":\"ListItem\",\"position\":1,\"name\":\"Startseite\",\"item\":\"https:\/\/sma-hundisburg.de\/\"},{\"@type\":\"ListItem\",\"position\":2,\"name\":\"Events\",\"item\":\"https:\/\/sma-hundisburg.de\/events\/\"},{\"@type\":\"ListItem\",\"position\":3,\"name\":\"Serenade in den G\u00e4rten\"}]},{\"@type\":\"WebSite\",\"@id\":\"https:\/\/sma-hundisburg.de\/#website\",\"url\":\"https:\/\/sma-hundisburg.de\/\",\"name\":\"SommerMusikAkademie Schloss Hundisburg\",\"description\":\"Die Homepage der SommerMusikAkademie Schloss Hundisburg\",\"publisher\":{\"@id\":\"https:\/\/sma-hundisburg.de\/#organization\"},\"potentialAction\":[{\"@type\":\"SearchAction\",\"target\":{\"@type\":\"EntryPoint\",\"urlTemplate\":\"https:\/\/sma-hundisburg.de\/?s={search_term_string}\"},\"query-input\":{\"@type\":\"PropertyValueSpecification\",\"valueRequired\":true,\"valueName\":\"search_term_string\"}}],\"inLanguage\":\"en-GB\"},{\"@type\":\"Organization\",\"@id\":\"https:\/\/sma-hundisburg.de\/#organization\",\"name\":\"SommerMusikAkademie Schloss Hundisburg\",\"url\":\"https:\/\/sma-hundisburg.de\/\",\"logo\":{\"@type\":\"ImageObject\",\"inLanguage\":\"en-GB\",\"@id\":\"https:\/\/sma-hundisburg.de\/#\/schema\/logo\/image\/\",\"url\":\"https:\/\/sma-hundisburg.de\/wp-content\/uploads\/2022\/11\/logo.png\",\"contentUrl\":\"https:\/\/sma-hundisburg.de\/wp-content\/uploads\/2022\/11\/logo.png\",\"width\":103,\"height\":50,\"caption\":\"SommerMusikAkademie Schloss Hundisburg\"},\"image\":{\"@id\":\"https:\/\/sma-hundisburg.de\/#\/schema\/logo\/image\/\"},\"sameAs\":[\"https:\/\/www.facebook.com\/SommerMusikAkademie\/?locale=de_DE\",\"https:\/\/www.instagram.com\/sma_hundisburg\/?hl=de\",\"https:\/\/www.youtube.com\/channel\/UCjJ08ubrJuk1ncqvlX3iTdw\"]}]}<\/script>\n<!-- \/ Yoast SEO plugin. -->","yoast_head_json":{"title":"Serenade in den G\u00e4rten - SommerMusikAkademie Schloss Hundisburg","robots":{"index":"index","follow":"follow","max-snippet":"max-snippet:-1","max-image-preview":"max-image-preview:large","max-video-preview":"max-video-preview:-1"},"canonical":"https:\/\/sma-hundisburg.de\/en\/events\/serenade-in-den-gaerten-7\/","og_locale":"en_GB","og_type":"article","og_title":"Serenade in den G\u00e4rten - SommerMusikAkademie Schloss Hundisburg","og_description":"Die diesj\u00e4hrige Serenade er\u00f6ffnete erstmalig den Zugang zu einem gro\u00dfartigen neuen Spielort der SMA: Schloss Bodendorf ist mit seiner nat\u00fcrlich eingebetteten Terrassenb\u00fchne, dem weitl\u00e4ufigen Garten mit hervorragender Akustik und nat\u00fcrlich auch seinem unvergleichlich romantischen Charme eine perfekte Location f\u00fcr Kammermusik im Rahmen der SMA. Programmatisch standen neben Friedrich Praetorius, seiner Frau und Bratschen-Stimmf\u00fchrerin Sarah und [&hellip;]","og_url":"https:\/\/sma-hundisburg.de\/en\/events\/serenade-in-den-gaerten-7\/","og_site_name":"SommerMusikAkademie Schloss Hundisburg","article_publisher":"https:\/\/www.facebook.com\/SommerMusikAkademie\/?locale=de_DE","article_modified_time":"2024-08-13T18:16:39+00:00","og_image":[{"width":2560,"height":1922,"url":"https:\/\/sma-hundisburg.de\/wp-content\/uploads\/2024\/08\/DSC01098-scaled.jpeg","type":"image\/jpeg"}],"twitter_card":"summary_large_image","twitter_misc":{"Estimated reading time":"1 minute"},"schema":{"@context":"https:\/\/schema.org","@graph":[{"@type":"WebPage","@id":"https:\/\/sma-hundisburg.de\/events\/serenade-in-den-gaerten-7\/","url":"https:\/\/sma-hundisburg.de\/events\/serenade-in-den-gaerten-7\/","name":"Serenade in den G\u00e4rten - SommerMusikAkademie Schloss Hundisburg","isPartOf":{"@id":"https:\/\/sma-hundisburg.de\/#website"},"primaryImageOfPage":{"@id":"https:\/\/sma-hundisburg.de\/events\/serenade-in-den-gaerten-7\/#primaryimage"},"image":{"@id":"https:\/\/sma-hundisburg.de\/events\/serenade-in-den-gaerten-7\/#primaryimage"},"thumbnailUrl":"https:\/\/sma-hundisburg.de\/wp-content\/uploads\/2024\/08\/DSC01098-scaled.jpeg","datePublished":"2024-08-13T18:16:38+00:00","dateModified":"2024-08-13T18:16:39+00:00","breadcrumb":{"@id":"https:\/\/sma-hundisburg.de\/events\/serenade-in-den-gaerten-7\/#breadcrumb"},"inLanguage":"en-GB","potentialAction":[{"@type":"ReadAction","target":["https:\/\/sma-hundisburg.de\/events\/serenade-in-den-gaerten-7\/"]}]},{"@type":"ImageObject","inLanguage":"en-GB","@id":"https:\/\/sma-hundisburg.de\/events\/serenade-in-den-gaerten-7\/#primaryimage","url":"https:\/\/sma-hundisburg.de\/wp-content\/uploads\/2024\/08\/DSC01098-scaled.jpeg","contentUrl":"https:\/\/sma-hundisburg.de\/wp-content\/uploads\/2024\/08\/DSC01098-scaled.jpeg","width":2560,"height":1922},{"@type":"BreadcrumbList","@id":"https:\/\/sma-hundisburg.de\/events\/serenade-in-den-gaerten-7\/#breadcrumb","itemListElement":[{"@type":"ListItem","position":1,"name":"Startseite","item":"https:\/\/sma-hundisburg.de\/"},{"@type":"ListItem","position":2,"name":"Events","item":"https:\/\/sma-hundisburg.de\/events\/"},{"@type":"ListItem","position":3,"name":"Serenade in den G\u00e4rten"}]},{"@type":"WebSite","@id":"https:\/\/sma-hundisburg.de\/#website","url":"https:\/\/sma-hundisburg.de\/","name":"SommerMusikAkademie Schloss Hundisburg","description":"Die Homepage der SommerMusikAkademie Schloss Hundisburg","publisher":{"@id":"https:\/\/sma-hundisburg.de\/#organization"},"potentialAction":[{"@type":"SearchAction","target":{"@type":"EntryPoint","urlTemplate":"https:\/\/sma-hundisburg.de\/?s={search_term_string}"},"query-input":{"@type":"PropertyValueSpecification","valueRequired":true,"valueName":"search_term_string"}}],"inLanguage":"en-GB"},{"@type":"Organization","@id":"https:\/\/sma-hundisburg.de\/#organization","name":"SommerMusikAkademie Schloss Hundisburg","url":"https:\/\/sma-hundisburg.de\/","logo":{"@type":"ImageObject","inLanguage":"en-GB","@id":"https:\/\/sma-hundisburg.de\/#\/schema\/logo\/image\/","url":"https:\/\/sma-hundisburg.de\/wp-content\/uploads\/2022\/11\/logo.png","contentUrl":"https:\/\/sma-hundisburg.de\/wp-content\/uploads\/2022\/11\/logo.png","width":103,"height":50,"caption":"SommerMusikAkademie Schloss Hundisburg"},"image":{"@id":"https:\/\/sma-hundisburg.de\/#\/schema\/logo\/image\/"},"sameAs":["https:\/\/www.facebook.com\/SommerMusikAkademie\/?locale=de_DE","https:\/\/www.instagram.com\/sma_hundisburg\/?hl=de","https:\/\/www.youtube.com\/channel\/UCjJ08ubrJuk1ncqvlX3iTdw"]}]}},"_links":{"self":[{"href":"https:\/\/sma-hundisburg.de\/en\/wp-json\/wp\/v2\/ajde_events\/2572","targetHints":{"allow":["GET"]}}],"collection":[{"href":"https:\/\/sma-hundisburg.de\/en\/wp-json\/wp\/v2\/ajde_events"}],"about":[{"href":"https:\/\/sma-hundisburg.de\/en\/wp-json\/wp\/v2\/types\/ajde_events"}],"author":[{"embeddable":true,"href":"https:\/\/sma-hundisburg.de\/en\/wp-json\/wp\/v2\/users\/7"}],"replies":[{"embeddable":true,"href":"https:\/\/sma-hundisburg.de\/en\/wp-json\/wp\/v2\/comments?post=2572"}],"wp:featuredmedia":[{"embeddable":true,"href":"https:\/\/sma-hundisburg.de\/en\/wp-json\/wp\/v2\/media\/2573"}],"wp:attachment":[{"href":"https:\/\/sma-hundisburg.de\/en\/wp-json\/wp\/v2\/media?parent=2572"}],"wp:term":[{"taxonomy":"post_tag","embeddable":true,"href":"https:\/\/sma-hundisburg.de\/en\/wp-json\/wp\/v2\/tags?post=2572"},{"taxonomy":"event_type","embeddable":true,"href":"https:\/\/sma-hundisburg.de\/en\/wp-json\/wp\/v2\/event_type?post=2572"},{"taxonomy":"event_type_2","embeddable":true,"href":"https:\/\/sma-hundisburg.de\/en\/wp-json\/wp\/v2\/event_type_2?post=2572"},{"taxonomy":"event_type_3","embeddable":true,"href":"https:\/\/sma-hundisburg.de\/en\/wp-json\/wp\/v2\/event_type_3?post=2572"}],"curies":[{"name":"wp","href":"https:\/\/api.w.org\/{rel}","templated":true}]}}

<p>This year's serenade opened up access to a fantastic new SMA venue for the first time: Bodendorf Castle, with its naturally embedded terrace stage, extensive garden with excellent acoustics and, of course, its incomparable romantic charm, is a perfect location for chamber music as part of the SMA. In addition to Friedrich Praetorius, his wife and viola section leader Sarah and concertmaster Julius Maier, photographer Max Börner and Academy director Johann Jakob Winter also took to the stage to perform works from a wide range of eras, from Bach and Mozart to Brahms and Nielssen. We would like to thank the von Kospoth family for their hospitality and for opening their home to us for this wonderfully successful event. </p>

<!-- This site is optimized with the Yoast SEO plugin v24.5 - https://yoast.com/wordpress/plugins/seo/ -->
<title>Serenade in den Gärten - SommerMusikAkademie Schloss Hundisburg</title>
<meta name="robots" content="index, follow, max-snippet:-1, max-image-preview:large, max-video-preview:-1" />
<link rel="canonical" href="https://sma-hundisburg.de/en/events/serenade-in-den-gaerten-7/" />
<meta property="og:locale" content="en_GB" />
<meta property="og:type" content="article" />
<meta property="og:title" content="Serenade in den Gärten - SommerMusikAkademie Schloss Hundisburg" />
<meta property="og:description" content="Die diesjährige Serenade eröffnete erstmalig den Zugang zu einem großartigen neuen Spielort der SMA: Schloss Bodendorf ist mit seiner natürlich eingebetteten Terrassenbühne, dem weitläufigen Garten mit hervorragender Akustik und natürlich auch seinem unvergleichlich romantischen Charme eine perfekte Location für Kammermusik im Rahmen der SMA. Programmatisch standen neben Friedrich Praetorius, seiner Frau und Bratschen-Stimmführerin Sarah und [&hellip;]" />
<meta property="og:url" content="https://sma-hundisburg.de/en/events/serenade-in-den-gaerten-7/" />
<meta property="og:site_name" content="SommerMusikAkademie Schloss Hundisburg" />
<meta property="article:publisher" content="https://www.facebook.com/SommerMusikAkademie/?locale=de_DE" />
<meta property="article:modified_time" content="2024-08-13T18:16:39+00:00" />
<meta property="og:image" content="https://sma-hundisburg.de/wp-content/uploads/2024/08/DSC01098-scaled.jpeg" />
	<meta property="og:image:width" content="2560" />
	<meta property="og:image:height" content="1922" />
	<meta property="og:image:type" content="image/jpeg" />
<meta name="twitter:card" content="summary_large_image" />
<meta name="twitter:label1" content="Estimated reading time" />
	<meta name="twitter:data1" content="1 minute" />
<script type="application/ld+json" class="yoast-schema-graph">{"@context":"https://schema.org","@graph":[{"@type":"WebPage","@id":"https://sma-hundisburg.de/events/serenade-in-den-gaerten-7/","url":"https://sma-hundisburg.de/events/serenade-in-den-gaerten-7/","name":"Serenade in den Gärten - SommerMusikAkademie Schloss Hundisburg","isPartOf":{"@id":"https://sma-hundisburg.de/#website"},"primaryImageOfPage":{"@id":"https://sma-hundisburg.de/events/serenade-in-den-gaerten-7/#primaryimage"},"image":{"@id":"https://sma-hundisburg.de/events/serenade-in-den-gaerten-7/#primaryimage"},"thumbnailUrl":"https://sma-hundisburg.de/wp-content/uploads/2024/08/DSC01098-scaled.jpeg","datePublished":"2024-08-13T18:16:38+00:00","dateModified":"2024-08-13T18:16:39+00:00","breadcrumb":{"@id":"https://sma-hundisburg.de/events/serenade-in-den-gaerten-7/#breadcrumb"},"inLanguage":"en-GB","potentialAction":[{"@type":"ReadAction","target":["https://sma-hundisburg.de/events/serenade-in-den-gaerten-7/"]}]},{"@type":"ImageObject","inLanguage":"en-GB","@id":"https://sma-hundisburg.de/events/serenade-in-den-gaerten-7/#primaryimage","url":"https://sma-hundisburg.de/wp-content/uploads/2024/08/DSC01098-scaled.jpeg","contentUrl":"https://sma-hundisburg.de/wp-content/uploads/2024/08/DSC01098-scaled.jpeg","width":2560,"height":1922},{"@type":"BreadcrumbList","@id":"https://sma-hundisburg.de/events/serenade-in-den-gaerten-7/#breadcrumb","itemListElement":[{"@type":"ListItem","position":1,"name":"Startseite","item":"https://sma-hundisburg.de/"},{"@type":"ListItem","position":2,"name":"Events","item":"https://sma-hundisburg.de/events/"},{"@type":"ListItem","position":3,"name":"Serenade in den Gärten"}]},{"@type":"WebSite","@id":"https://sma-hundisburg.de/#website","url":"https://sma-hundisburg.de/","name":"SommerMusikAkademie Schloss Hundisburg","description":"Die Homepage der SommerMusikAkademie Schloss Hundisburg","publisher":{"@id":"https://sma-hundisburg.de/#organization"},"potentialAction":[{"@type":"SearchAction","target":{"@type":"EntryPoint","urlTemplate":"https://sma-hundisburg.de/?s={search_term_string}"},"query-input":{"@type":"PropertyValueSpecification","valueRequired":true,"valueName":"search_term_string"}}],"inLanguage":"en-GB"},{"@type":"Organization","@id":"https://sma-hundisburg.de/#organization","name":"SommerMusikAkademie Schloss Hundisburg","url":"https://sma-hundisburg.de/","logo":{"@type":"ImageObject","inLanguage":"en-GB","@id":"https://sma-hundisburg.de/#/schema/logo/image/","url":"https://sma-hundisburg.de/wp-content/uploads/2022/11/logo.png","contentUrl":"https://sma-hundisburg.de/wp-content/uploads/2022/11/logo.png","width":103,"height":50,"caption":"SommerMusikAkademie Schloss Hundisburg"},"image":{"@id":"https://sma-hundisburg.de/#/schema/logo/image/"},"sameAs":["https://www.facebook.com/SommerMusikAkademie/?locale=de_DE","https://www.instagram.com/sma_hundisburg/?hl=de","https://www.youtube.com/channel/UCjJ08ubrJuk1ncqvlX3iTdw"]}]}</script>
<!-- / Yoast SEO plugin. -->

Serenade in den Gärten - SommerMusikAkademie Schloss Hundisburg

Die diesjährige Serenade eröffnete erstmalig den Zugang zu einem großartigen neuen Spielort der SMA: Schloss Bodendorf ist mit seiner natürlich eingebetteten Terrassenbühne, dem weitläufigen Garten mit hervorragender Akustik und natürlich auch seinem unvergleichlich romantischen Charme eine perfekte Location für Kammermusik im Rahmen der SMA. Programmatisch standen neben Friedrich Praetorius, seiner Frau und Bratschen-Stimmführerin Sarah und [&hellip;]

Serenade in den Gärten
